{"id":681,"date":"2013-08-12T14:46:52","date_gmt":"2013-08-12T14:46:52","guid":{"rendered":"https:\/\/calai.com.uy\/web\/?page_id=681"},"modified":"2023-03-28T21:20:45","modified_gmt":"2023-03-28T21:20:45","slug":"campo-de-recria-e-invernada","status":"publish","type":"page","link":"https:\/\/calai.com.uy\/web\/?page_id=681","title":{"rendered":"Campo de recr\u00eda e invernada"},"content":{"rendered":"\n<h2 class=\"has-colibri-color-6-color has-text-color wp-block-heading\">Campo de recr\u00eda e invernada<\/h2>\n\n\n\n<figure class=\"wp-block-gallery has-nested-images columns-2 is-cropped wp-block-gallery-1 is-layout-flex wp-block-gallery-is-layout-flex\">\n<figure class=\"wp-block-image size-full\"><a href=\"https:\/\/calai.com.uy\/web\/wp-content\/uploads\/2020\/11\/1-3.jpg\"><img fetchpriority=\"high\" decoding=\"async\" width=\"805\" height=\"505\" data-id=\"5965\" src=\"https:\/\/calai.com.uy\/web\/wp-content\/uploads\/2020\/11\/1-3.jpg\" alt=\"\" class=\"wp-image-5965\" srcset=\"https:\/\/calai.com.uy\/web\/wp-content\/uploads\/2020\/11\/1-3.jpg 805w, https:\/\/calai.com.uy\/web\/wp-content\/uploads\/2020\/11\/1-3-300x188.jpg 300w, https:\/\/calai.com.uy\/web\/wp-content\/uploads\/2020\/11\/1-3-768x482.jpg 768w\" sizes=\"(max-width: 805px) 100vw, 805px\" \/><\/a><figcaption class=\"wp-element-caption\">DCIM\\100MEDIA\\DJI_0015.JPG<\/figcaption><\/figure>\n\n\n\n<figure class=\"wp-block-image size-full\"><a href=\"https:\/\/calai.com.uy\/web\/wp-content\/uploads\/2020\/11\/3.jpeg\"><img decoding=\"async\" width=\"805\" height=\"505\" data-id=\"5967\" src=\"https:\/\/calai.com.uy\/web\/wp-content\/uploads\/2020\/11\/3.jpeg\" alt=\"\" class=\"wp-image-5967\" srcset=\"https:\/\/calai.com.uy\/web\/wp-content\/uploads\/2020\/11\/3.jpeg 805w, https:\/\/calai.com.uy\/web\/wp-content\/uploads\/2020\/11\/3-300x188.jpeg 300w, https:\/\/calai.com.uy\/web\/wp-content\/uploads\/2020\/11\/3-768x482.jpeg 768w\" sizes=\"(max-width: 805px) 100vw, 805px\" \/><\/a><\/figure>\n\n\n\n<figure class=\"wp-block-image size-full\"><a href=\"https:\/\/calai.com.uy\/web\/wp-content\/uploads\/2020\/11\/2-1.jpeg\"><img decoding=\"async\" width=\"805\" height=\"505\" data-id=\"5966\" src=\"https:\/\/calai.com.uy\/web\/wp-content\/uploads\/2020\/11\/2-1.jpeg\" alt=\"\" class=\"wp-image-5966\" srcset=\"https:\/\/calai.com.uy\/web\/wp-content\/uploads\/2020\/11\/2-1.jpeg 805w, https:\/\/calai.com.uy\/web\/wp-content\/uploads\/2020\/11\/2-1-300x188.jpeg 300w, https:\/\/calai.com.uy\/web\/wp-content\/uploads\/2020\/11\/2-1-768x482.jpeg 768w\" sizes=\"(max-width: 805px) 100vw, 805px\" \/><\/a><\/figure>\n<\/figure>\n\n\n<div align=\"justify\">\n<ul>\n<li style=\"text-align: left;\">En 1990 CALAI llega un acuerdo con el Instituto Nacional de Colonizaci\u00f3n y arrienda 115 h\u00e1s en la \u201cColonia Benito Nardone\u201d, ubicada en Ruta 13, al Norte de Aigu\u00e1, en el paraje&nbsp; \u201cEl Le\u00f3n\u201d\n<\/li>\n<li style=\"text-align: left;\">El campo CALAI tiene como finalidad ser un campo de apoyo para los productores. En el intentamos ser ejemplo en tecnolog\u00edas aplicadas en el manejo del ganado y las rotaciones agr\u00edcolas-ganaderas para que el productor pueda aplicar luego en su predio.\n<\/li>\n<li style=\"text-align: left;\">Vemos que es una gran ayuda para&nbsp; el productor familiar que est\u00e1 limitado por problemas de escala. A la fecha m\u00e1s de 80 familias han podido recriar o invernar sus animales.\n<\/li>\n<li style=\"text-align: left;\">Promueve los emprendimientos en conjunto y posibilita al productor aumentar su escala, su producci\u00f3n y el valor de la producci\u00f3n.\n<\/li>\n<li style=\"text-align: left;\">Su utilizaci\u00f3n ha variado desde la recr\u00eda de terneros\/as y vaquillonas, novillos, engorde de vacas y de corderos, seg\u00fan las condiciones de la base forrajera del campo a lo largo de los a\u00f1os. Las praderas instaladas una vez cumplida su vida \u00fatil se rotan con cultivos de grano, en especial el sorgo gran\u00edfero, participando as\u00ed de otro servicio de la cooperativa como es el Operativo Sorgo.\n<\/li>\n<\/ul>\n<p><a href=\"https:\/\/calai.com.uy\/web\/wp-content\/uploads\/2013\/08\/1.png\" target=\"_blank\" rel=\"noopener noreferrer\"><img loading=\"lazy\" decoding=\"async\" class=\"aligncenter\" src=\"https:\/\/calai.com.uy\/web\/wp-content\/uploads\/2013\/08\/1.png\" alt=\"1\" width=\"614\" height=\"332\"><\/a><\/p>\n<ul>\n<li style=\"text-align: left;\">Este a\u00f1o, en base al estado de la base forrajera, se resolvi\u00f3 dar ingreso a vacas falladas,&nbsp;&nbsp; para invernarlas y venderlas gordas, valorizando as\u00ed el kg de vaca vendido. Hoy contamos con una carga de 94 U.G en su mayor\u00eda vacas de invernada, pertenecientes a 9 productores.<\/li>\n<\/ul>\n<\/div>","protected":false},"excerpt":{"rendered":"<p>Campo de recr\u00eda e invernada En 1990 CALAI llega un acuerdo con el Instituto Nacional de Colonizaci\u00f3n y arrienda 115 h\u00e1s en la \u201cColonia Benito Nardone\u201d, ubicada en Ruta 13, al Norte de Aigu\u00e1, en el paraje&nbsp; \u201cEl Le\u00f3n\u201d El campo CALAI tiene como finalidad ser un campo de apoyo para los productores. En el [&hellip;]<\/p>\n","protected":false},"author":1,"featured_media":0,"parent":147,"menu_order":5,"comment_status":"closed","ping_status":"closed","template":"","meta":{"_monsterinsights_skip_tracking":false,"_monsterinsights_sitenote_active":false,"_monsterinsights_sitenote_note":"","_monsterinsights_sitenote_category":0,"footnotes":""},"class_list":["post-681","page","type-page","status-publish","hentry"],"_links":{"self":[{"href":"https:\/\/calai.com.uy\/web\/index.php?rest_route=\/wp\/v2\/pages\/681","targetHints":{"allow":["GET"]}}],"collection":[{"href":"https:\/\/calai.com.uy\/web\/index.php?rest_route=\/wp\/v2\/pages"}],"about":[{"href":"https:\/\/calai.com.uy\/web\/index.php?rest_route=\/wp\/v2\/types\/page"}],"author":[{"embeddable":true,"href":"https:\/\/calai.com.uy\/web\/index.php?rest_route=\/wp\/v2\/users\/1"}],"replies":[{"embeddable":true,"href":"https:\/\/calai.com.uy\/web\/index.php?rest_route=%2Fwp%2Fv2%2Fcomments&post=681"}],"version-history":[{"count":18,"href":"https:\/\/calai.com.uy\/web\/index.php?rest_route=\/wp\/v2\/pages\/681\/revisions"}],"predecessor-version":[{"id":7828,"href":"https:\/\/calai.com.uy\/web\/index.php?rest_route=\/wp\/v2\/pages\/681\/revisions\/7828"}],"up":[{"embeddable":true,"href":"https:\/\/calai.com.uy\/web\/index.php?rest_route=\/wp\/v2\/pages\/147"}],"wp:attachment":[{"href":"https:\/\/calai.com.uy\/web\/index.php?rest_route=%2Fwp%2Fv2%2Fmedia&parent=681"}],"curies":[{"name":"wp","href":"https:\/\/api.w.org\/{rel}","templated":true}]}}